[INFO] cloning repository https://github.com/devroom-org/bot
[INFO] running `Command { std: "git" "-c" "credential.helper=" "-c" "credential.helper=/workspace/cargo-home/bin/git-credential-null" "clone" "--bare" "https://github.com/devroom-org/bot" "/workspace/cache/git-repos/https%3A%2F%2Fgithub.com%2Fdevroom-org%2Fbot", kill_on_drop: false }`
[INFO] [stderr] Cloning into bare repository '/workspace/cache/git-repos/https%3A%2F%2Fgithub.com%2Fdevroom-org%2Fbot'...
[INFO] running `Command { std: "git" "rev-parse" "HEAD", kill_on_drop: false }`
[INFO] [stdout] 85e5dcd4b54bb1941a43b7adc2e762e0110c4d36
[INFO] checking devroom-org/bot against master#af3c6e733a40e671550e0f0f5aeecaa13772ba56 for pr-74989
[INFO] running `Command { std: "git" "clone" "/workspace/cache/git-repos/https%3A%2F%2Fgithub.com%2Fdevroom-org%2Fbot" "/workspace/builds/worker-1/source", kill_on_drop: false }`
[INFO] [stderr] Cloning into '/workspace/builds/worker-1/source'...
[INFO] [stderr] done.
[INFO] validating manifest of git repo https://github.com/devroom-org/bot on toolchain af3c6e733a40e671550e0f0f5aeecaa13772ba56
[INFO] running `Command { std: "/workspace/cargo-home/bin/cargo" "+af3c6e733a40e671550e0f0f5aeecaa13772ba56" "read-manifest" "--manifest-path" "Cargo.toml", kill_on_drop: false }`
[INFO] started tweaking git repo https://github.com/devroom-org/bot
[INFO] finished tweaking git repo https://github.com/devroom-org/bot
[INFO] tweaked toml for git repo https://github.com/devroom-org/bot written to /workspace/builds/worker-1/source/Cargo.toml
[INFO] crate git repo https://github.com/devroom-org/bot already has a lockfile, it will not be regenerated
[INFO] running `Command { std: "/workspace/cargo-home/bin/cargo" "+af3c6e733a40e671550e0f0f5aeecaa13772ba56" "fetch" "--locked" "--manifest-path" "Cargo.toml", kill_on_drop: false }`
[INFO] [stderr] error: the lock file /workspace/builds/worker-1/source/Cargo.lock needs to be updated but --locked was passed to prevent this
[INFO] [stderr] If you want to try to generate the lock file without accessing the network, use the --offline flag.
[INFO] the lockfile is outdated, regenerating it
[INFO] running `Command { std: "/workspace/cargo-home/bin/cargo" "+af3c6e733a40e671550e0f0f5aeecaa13772ba56" "generate-lockfile" "--manifest-path" "Cargo.toml" "-Zno-index-update", kill_on_drop: false }`
[INFO] [stderr]     Updating git repository `https://github.com/telegram-rs/telegram-bot.git`
[INFO] running `Command { std: "/workspace/cargo-home/bin/cargo" "+af3c6e733a40e671550e0f0f5aeecaa13772ba56" "fetch" "--locked" "--manifest-path" "Cargo.toml", kill_on_drop: false }`
[INFO] running `Command { std: "docker" "create" "-v" "/var/lib/crater-agent-workspace/builds/worker-1/target:/opt/rustwide/target:rw,Z" "-v" "/var/lib/crater-agent-workspace/builds/worker-1/source:/opt/rustwide/workdir:ro,Z" "-v" "/var/lib/crater-agent-workspace/cargo-home:/opt/rustwide/cargo-home:ro,Z" "-v" "/var/lib/crater-agent-workspace/rustup-home:/opt/rustwide/rustup-home:ro,Z" "-e" "SOURCE_DIR=/opt/rustwide/workdir" "-e" "CARGO_TARGET_DIR=/opt/rustwide/target" "-e" "CARGO_HOME=/opt/rustwide/cargo-home" "-e" "RUSTUP_HOME=/opt/rustwide/rustup-home" "-w" "/opt/rustwide/workdir" "-m" "1610612736" "--user" "0:0" "--network" "none" "rustops/crates-build-env@sha256:d92eaeed33fa75130ca1ee6c8a01d1ffb62bac859dfdfb3450e3e5d1c0146529" "/opt/rustwide/cargo-home/bin/cargo" "+af3c6e733a40e671550e0f0f5aeecaa13772ba56" "metadata" "--no-deps" "--format-version=1", kill_on_drop: false }`
[INFO] [stdout] 97bda8fb63846c1240e39e72e5d37f4af21b012c30fcc21d41b961b1934c7cb0
[INFO] [stderr] WARNING: Your kernel does not support swap limit capabilities or the cgroup is not mounted. Memory limited without swap.
[INFO] running `Command { std: "docker" "start" "-a" "97bda8fb63846c1240e39e72e5d37f4af21b012c30fcc21d41b961b1934c7cb0", kill_on_drop: false }`
[INFO] running `Command { std: "docker" "inspect" "97bda8fb63846c1240e39e72e5d37f4af21b012c30fcc21d41b961b1934c7cb0", kill_on_drop: false }`
[INFO] running `Command { std: "docker" "rm" "-f" "97bda8fb63846c1240e39e72e5d37f4af21b012c30fcc21d41b961b1934c7cb0", kill_on_drop: false }`
[INFO] [stdout] 97bda8fb63846c1240e39e72e5d37f4af21b012c30fcc21d41b961b1934c7cb0
[INFO] running `Command { std: "docker" "create" "-v" "/var/lib/crater-agent-workspace/builds/worker-1/target:/opt/rustwide/target:rw,Z" "-v" "/var/lib/crater-agent-workspace/builds/worker-1/source:/opt/rustwide/workdir:ro,Z" "-v" "/var/lib/crater-agent-workspace/cargo-home:/opt/rustwide/cargo-home:ro,Z" "-v" "/var/lib/crater-agent-workspace/rustup-home:/opt/rustwide/rustup-home:ro,Z" "-e" "SOURCE_DIR=/opt/rustwide/workdir" "-e" "CARGO_TARGET_DIR=/opt/rustwide/target" "-e" "CARGO_INCREMENTAL=0" "-e" "RUST_BACKTRACE=full" "-e" "RUSTFLAGS=--cap-lints=forbid" "-e" "CARGO_HOME=/opt/rustwide/cargo-home" "-e" "RUSTUP_HOME=/opt/rustwide/rustup-home" "-w" "/opt/rustwide/workdir" "-m" "1610612736" "--user" "0:0" "--network" "none" "rustops/crates-build-env@sha256:d92eaeed33fa75130ca1ee6c8a01d1ffb62bac859dfdfb3450e3e5d1c0146529" "/opt/rustwide/cargo-home/bin/cargo" "+af3c6e733a40e671550e0f0f5aeecaa13772ba56" "check" "--frozen" "--all" "--all-targets" "--message-format=json", kill_on_drop: false }`
[INFO] [stderr] WARNING: Your kernel does not support swap limit capabilities or the cgroup is not mounted. Memory limited without swap.
[INFO] [stdout] b3c322c9eeb475a1256adb1198c0b4f79d261b83138a797475950f0965862ad5
[INFO] running `Command { std: "docker" "start" "-a" "b3c322c9eeb475a1256adb1198c0b4f79d261b83138a797475950f0965862ad5", kill_on_drop: false }`
[INFO] [stderr]    Compiling log v0.4.11
[INFO] [stderr]     Checking slab v0.4.2
[INFO] [stderr]    Compiling syn v1.0.40
[INFO] [stderr]    Compiling autocfg v0.1.7
[INFO] [stderr]    Compiling maybe-uninit v2.0.0
[INFO] [stderr]    Compiling rand_core v0.4.2
[INFO] [stderr]    Compiling version_check v0.1.5
[INFO] [stderr]     Checking futures v0.1.29
[INFO] [stderr]     Checking scopeguard v1.1.0
[INFO] [stderr]    Compiling siphasher v0.2.3
[INFO] [stderr]     Checking foreign-types-shared v0.1.1
[INFO] [stderr]     Checking hashbrown v0.9.0
[INFO] [stderr]    Compiling httparse v1.3.4
[INFO] [stderr]     Checking openssl-probe v0.1.2
[INFO] [stderr]     Checking remove_dir_all v0.5.3
[INFO] [stderr]    Compiling libc v0.2.77
[INFO] [stderr]    Compiling crossbeam-utils v0.7.2
[INFO] [stderr]    Compiling memoffset v0.5.5
[INFO] [stderr]    Compiling crossbeam-epoch v0.8.2
[INFO] [stderr]    Compiling num-traits v0.2.12
[INFO] [stderr]    Compiling indexmap v1.6.0
[INFO] [stderr]    Compiling semver v0.9.0
[INFO] [stderr]     Checking tracing-core v0.1.16
[INFO] [stderr]    Compiling bitflags v1.2.1
[INFO] [stderr]     Checking foreign-types v0.3.2
[INFO] [stderr]     Checking lock_api v0.3.4
[INFO] [stderr]     Checking rand_core v0.3.1
[INFO] [stderr]     Checking rand_jitter v0.1.4
[INFO] [stderr]     Checking rand_isaac v0.1.1
[INFO] [stderr]     Checking rand_hc v0.1.0
[INFO] [stderr]     Checking rand_xorshift v0.1.1
[INFO] [stderr]    Compiling unicase v1.4.2
[INFO] [stderr]    Compiling rand_pcg v0.1.2
[INFO] [stderr]    Compiling rand_chacha v0.1.1
[INFO] [stderr]    Compiling rand v0.6.5
[INFO] [stderr]    Compiling rustc_version v0.2.3
[INFO] [stderr]     Checking smallvec v0.6.13
[INFO] [stderr]     Checking log v0.3.9
[INFO] [stderr]     Checking want v0.3.0
[INFO] [stderr]     Checking crossbeam-queue v0.2.3
[INFO] [stderr]     Checking iovec v0.1.4
[INFO] [stderr]     Checking net2 v0.2.35
[INFO] [stderr]     Checking num_cpus v1.13.0
[INFO] [stderr]     Checking getrandom v0.1.15
[INFO] [stderr]     Checking openssl-sys v0.9.58
[INFO] [stderr]     Checking rand_os v0.1.3
[INFO] [stderr]     Checking time v0.1.44
[INFO] [stderr]     Checking socket2 v0.3.15
[INFO] [stderr]     Checking phf_shared v0.7.24
[INFO] [stderr]     Checking mime v0.2.6
[INFO] [stderr]    Compiling parking_lot_core v0.6.2
[INFO] [stderr]    Compiling parking_lot v0.9.0
[INFO] [stderr]     Checking bytes v0.4.12
[INFO] [stderr]     Checking phf v0.7.24
[INFO] [stderr]     Checking rand_core v0.5.1
[INFO] [stderr]     Checking crossbeam-deque v0.7.3
[INFO] [stderr]     Checking mio v0.6.22
[INFO] [stderr]     Checking tokio-executor v0.1.10
[INFO] [stderr]     Checking tokio-sync v0.1.8
[INFO] [stderr]     Checking rand_chacha v0.2.2
[INFO] [stderr]     Checking tokio-io v0.1.13
[INFO] [stderr]     Checking tokio-timer v0.2.13
[INFO] [stderr]     Checking tokio-current-thread v0.1.7
[INFO] [stderr]     Checking tokio-threadpool v0.1.18
[INFO] [stderr]     Checking openssl v0.10.30
[INFO] [stderr]     Checking rand v0.7.3
[INFO] [stderr]     Checking tokio v0.2.22
[INFO] [stderr]     Checking mio-uds v0.6.8
[INFO] [stderr]     Checking ordered-float v1.1.0
[INFO] [stderr]     Checking tokio-reactor v0.1.12
[INFO] [stderr]     Checking tokio-codec v0.1.2
[INFO] [stderr]     Checking tokio-fs v0.1.7
[INFO] [stderr]     Checking tokio-udp v0.1.6
[INFO] [stderr]     Checking tokio-uds v0.2.7
[INFO] [stderr]     Checking tokio-tcp v0.1.4
[INFO] [stderr]    Compiling phf_generator v0.7.24
[INFO] [stderr]     Checking tokio v0.1.22
[INFO] [stderr]    Compiling phf_codegen v0.7.24
[INFO] [stderr]     Checking tempfile v3.1.0
[INFO] [stderr]    Compiling mime_guess v1.8.8
[INFO] [stderr]     Checking tokio-core v0.1.17
[INFO] [stderr]     Checking native-tls v0.2.4
[INFO] [stderr]     Checking multipart v0.16.1
[INFO] [stderr]     Checking tokio-util v0.3.1
[INFO] [stderr]     Checking tokio-tls v0.3.1
[INFO] [stderr]    Compiling pin-project-internal v0.4.23
[INFO] [stderr]    Compiling futures-macro v0.3.5
[INFO] [stderr]    Compiling tracing-attributes v0.1.11
[INFO] [stderr]    Compiling serde_derive v1.0.116
[INFO] [stderr]     Checking tracing v0.1.19
[INFO] [stderr]     Checking pin-project v0.4.23
[INFO] [stderr]     Checking futures-util v0.3.5
[INFO] [stderr]     Checking tracing-futures v0.2.4
[INFO] [stderr]     Checking serde v1.0.116
[INFO] [stderr]     Checking h2 v0.2.6
[INFO] [stderr]     Checking futures-executor v0.3.5
[INFO] [stderr]     Checking futures v0.3.5
[INFO] [stderr]     Checking serde_json v1.0.57
[INFO] [stderr]     Checking serde-value v0.5.3
[INFO] [stderr]     Checking toml v0.4.10
[INFO] [stderr]     Checking telegram-bot-raw v0.7.0 (https://github.com/telegram-rs/telegram-bot.git#ae696eae)
[INFO] [stderr]     Checking hyper v0.13.7
[INFO] [stderr]     Checking hyper-tls v0.4.3
[INFO] [stderr]     Checking telegram-bot v0.7.0 (https://github.com/telegram-rs/telegram-bot.git#ae696eae)
[INFO] [stderr]     Checking devroom_bot v0.1.0 (/opt/rustwide/workdir)
[INFO] [stdout] error[E0599]: no function or associated item named `configure` found for struct `Api` in the current scope
[INFO] [stdout]   --> src/main.rs:44:20
[INFO] [stdout]    |
[INFO] [stdout] 44 |     let api = Api::configure(token).build(core.handle()).unwrap();
[INFO] [stdout]    |                    ^^^^^^^^^ function or associated item not found in `Api`
[INFO] [stdout] 
[INFO] [stdout] 
[INFO] [stdout] error[E0599]: no method named `map_err` found for opaque type `impl std::marker::Send+std::future::Future` in the current scope
[INFO] [stdout]   --> src/bot.rs:31:20
[INFO] [stdout]    |
[INFO] [stdout] 31 |             future.map_err(|_| ()).map(|_| ())
[INFO] [stdout]    |                    ^^^^^^^ method not found in `impl std::marker::Send+std::future::Future`
[INFO] [stdout]    |
[INFO] [stdout]    = note: the method `map_err` exists but the following trait bounds were not satisfied:
[INFO] [stdout]            `impl std::marker::Send+std::future::Future: futures::Future`
[INFO] [stdout]            which is required by `&mut impl std::marker::Send+std::future::Future: futures::Future`
[INFO] [stdout]    = help: items from traits can only be used if the trait is in scope
[INFO] [stdout]    = note: the following trait is implemented but not in scope; perhaps add a `use` for it:
[INFO] [stdout]            `use futures_util::future::try_future::TryFutureExt;`
[INFO] [stdout] help: consider awaiting before this method call
[INFO] [stdout]    |
[INFO] [stdout] 31 |             future.await.map_err(|_| ()).map(|_| ())
[INFO] [stdout]    |                    ^^^^^^
[INFO] [stdout] 
[INFO] [stdout] 
[INFO] [stdout] warning: unused import: `futures::Future`
[INFO] [stdout]  --> src/bot.rs:9:5
[INFO] [stdout]   |
[INFO] [stdout] 9 | use futures::Future;
[INFO] [stdout]   |     ^^^^^^^^^^^^^^^
[INFO] [stdout]   |
[INFO] [stdout]   = note: `#[warn(unused_imports)]` on by default
[INFO] [stdout] 
[INFO] [stdout] 
[INFO] [stdout] error[E0599]: no function or associated item named `configure` found for struct `Api` in the current scope
[INFO] [stdout]   --> src/main.rs:44:20
[INFO] [stdout]    |
[INFO] [stdout] 44 |     let api = Api::configure(token).build(core.handle()).unwrap();
[INFO] [stdout]    |                    ^^^^^^^^^ function or associated item not found in `Api`
[INFO] [stdout] 
[INFO] [stdout] 
[INFO] [stdout] warning: unused import: `futures::Stream`
[INFO] [stdout]   --> src/main.rs:22:5
[INFO] [stdout]    |
[INFO] [stdout] 22 | use futures::Stream;
[INFO] [stdout]    |     ^^^^^^^^^^^^^^^
[INFO] [stdout] 
[INFO] [stdout] 
[INFO] [stdout] error: aborting due to 2 previous errors; 2 warnings emitted
[INFO] [stdout] 
[INFO] [stdout] 
[INFO] [stdout] For more information about this error, try `rustc --explain E0599`.
[INFO] [stdout] 
[INFO] [stderr] error: could not compile `devroom_bot`.
[INFO] [stderr] 
[INFO] [stderr] To learn more, run the command again with --verbose.
[INFO] [stderr] warning: build failed, waiting for other jobs to finish...
[INFO] [stdout] error[E0599]: no method named `map_err` found for opaque type `impl std::marker::Send+std::future::Future` in the current scope
[INFO] [stdout]   --> src/bot.rs:31:20
[INFO] [stdout]    |
[INFO] [stdout] 31 |             future.map_err(|_| ()).map(|_| ())
[INFO] [stdout]    |                    ^^^^^^^ method not found in `impl std::marker::Send+std::future::Future`
[INFO] [stdout]    |
[INFO] [stdout]    = note: the method `map_err` exists but the following trait bounds were not satisfied:
[INFO] [stdout]            `impl std::marker::Send+std::future::Future: futures::Future`
[INFO] [stdout]            which is required by `&mut impl std::marker::Send+std::future::Future: futures::Future`
[INFO] [stdout]    = help: items from traits can only be used if the trait is in scope
[INFO] [stdout]    = note: the following trait is implemented but not in scope; perhaps add a `use` for it:
[INFO] [stdout]            `use futures_util::future::try_future::TryFutureExt;`
[INFO] [stdout] help: consider awaiting before this method call
[INFO] [stdout]    |
[INFO] [stdout] 31 |             future.await.map_err(|_| ()).map(|_| ())
[INFO] [stdout]    |                    ^^^^^^
[INFO] [stdout] 
[INFO] [stdout] 
[INFO] [stdout] warning: unused import: `futures::Future`
[INFO] [stdout]  --> src/bot.rs:9:5
[INFO] [stdout]   |
[INFO] [stdout] 9 | use futures::Future;
[INFO] [stdout]   |     ^^^^^^^^^^^^^^^
[INFO] [stdout]   |
[INFO] [stdout]   = note: `#[warn(unused_imports)]` on by default
[INFO] [stdout] 
[INFO] [stdout] 
[INFO] [stdout] warning: unused import: `futures::Stream`
[INFO] [stdout]   --> src/main.rs:22:5
[INFO] [stdout]    |
[INFO] [stdout] 22 | use futures::Stream;
[INFO] [stdout]    |     ^^^^^^^^^^^^^^^
[INFO] [stdout] 
[INFO] [stdout] 
[INFO] [stdout] error: aborting due to 2 previous errors; 2 warnings emitted
[INFO] [stdout] 
[INFO] [stdout] 
[INFO] [stdout] For more information about this error, try `rustc --explain E0599`.
[INFO] [stdout] 
[INFO] [stderr] error: build failed
[INFO] running `Command { std: "docker" "inspect" "b3c322c9eeb475a1256adb1198c0b4f79d261b83138a797475950f0965862ad5", kill_on_drop: false }`
[INFO] running `Command { std: "docker" "rm" "-f" "b3c322c9eeb475a1256adb1198c0b4f79d261b83138a797475950f0965862ad5", kill_on_drop: false }`
[INFO] [stdout] b3c322c9eeb475a1256adb1198c0b4f79d261b83138a797475950f0965862ad5
